{"id":1911,"date":"2021-05-21T11:31:46","date_gmt":"2021-05-21T16:31:46","guid":{"rendered":"https:\/\/serraniagua.org\/anterior\/?page_id=1911"},"modified":"2021-06-02T19:02:39","modified_gmt":"2021-06-03T00:02:39","slug":"cafe-cultural-comam","status":"publish","type":"page","link":"https:\/\/serraniagua.org\/anterior\/?page_id=1911","title":{"rendered":"Caf\u00e9 Cultural COMAM"},"content":{"rendered":"<section class=\"kc-elm kc-css-668911 kc_row\"><div class=\"kc-row-container  kc-container\"><div class=\"kc-wrap-columns\"><div class=\"kc-elm kc-css-330898 kc_col-sm-6 kc_column kc_col-sm-6\"><div class=\"kc-col-container\"><div class=\"kc-elm kc-css-228875 kc_shortcode kc_single_image\">\n\n        <a rel=\"prettyPhoto\" class=\"kc-pretty-photo\" href=\"https:\/\/serraniagua.org\/anterior\/wp-content\/uploads\/2021\/06\/23845734_1979348119012720_5653392353585159716_o.jpg\" title=\"\" target=\"\">\n        <img src=\"https:\/\/serraniagua.org\/anterior\/wp-content\/uploads\/2021\/06\/23845734_1979348119012720_5653392353585159716_o.jpg\" class=\"\" alt=\"\" \/>    <\/a>\n    <\/div>\n<\/div><\/div><div class=\"kc-elm kc-css-207963 kc_col-sm-6 kc_column kc_col-sm-6\"><div class=\"kc-col-container\"><div class=\"kc-elm kc-css-119745 kc_text_block\"><h5><span style=\"color: #5c9c3f;\">El Caf\u00e9 Cultural COMAM es una vitrina de productos ambientalmente amigables producidos por campesinos cairenses y un lugar de encuentro cultural.<\/span><\/h5>\n<\/div><div class=\"kc-elm kc-css-620596\" style=\"height: 10px; clear: both; width:100%;\"><\/div><div class=\"kc-elm kc-css-170779 kc_text_block\"><p>\n<span style=\"font-style: inherit;\">El Caf\u00e9 Cultural COMAM naci\u00f3 con la voluntad de crear un espacio para ofrecer los productos de los asociados y vinculados a Serran\u00edagua. Abri\u00f3 sus puertas en el 2014 y propone sumergirse en el mundo incre\u00edble del caf\u00e9 cairense.<\/span><\/p>\n<\/div><div class=\"kc-elm kc-css-328164\" style=\"height: 10px; clear: both; width:100%;\"><\/div><div class=\"kc-elm kc-css-522100 kc_text_block\"><p>\n<span style=\"font-style: inherit;\">M\u00e1s all\u00e1 de un caf\u00e9, es un lugar donde se comparten ideas y se descubre lo que hay detr\u00e1s de cada producto (productos a base de plantas medicinales, caf\u00e9s de conservaci\u00f3n, chocolate, panela, miel, accesorios, artesan\u00edas, entre otros).<\/span><\/p>\n<\/div><div class=\"kc-elm kc-css-615691\" style=\"height: 10px; clear: both; width:100%;\"><\/div><div class=\"kc-elm kc-css-262759 kc_text_block\"><p>\n<span style=\"font-style: inherit;\">El visitante podr\u00e1 tambi\u00e9n conocer de mano de nuestro equipo los procesos del caf\u00e9, desde del campo hasta la tasa.<\/span><\/p>\n<p><span style=\"font-style: inherit;\">\u00a0<\/span><\/p>\n<\/div><div class=\"kc-elm kc-css-61835\" style=\"height: 10px; clear: both; width:100%;\"><\/div><div class=\"kc-elm kc-css-273311 kc_text_block\"><blockquote>\n<p><span style=\"font-style: inherit; color: #5c9c3f;\">El caf\u00e9 cultural COMAM participa en la vida del pueblo proponiendo diversas actividades culturales como: cine infantil, cine independiente, conciertos, talleres, cuenter\u00eda, y m\u00e1s.<\/span><\/p>\n<\/blockquote>\n<\/div><div class=\"kc-elm kc-css-100744\" style=\"height: 10px; clear: both; width:100%;\"><\/div><div class=\"kc-elm kc-css-739886 kc_text_block\"><p>\n<span style=\"font-style: inherit;\">\u00a1Ven a compartir un momento con nosotros tomando una buena tasa de caf\u00e9 cairense!\u00a0<\/span><\/p>\n<\/div><div class=\"kc-elm kc-css-789380\" style=\"height: 10px; clear: both; width:100%;\"><\/div><div class=\"kc-elm kc-css-649384 kc_text_block\"><p>\nPuede visitar nuestra p\u00e1gina de facebook ac\u00e1:\u00a0<a href=\"https:\/\/www.redticcacol.org\/\">https:\/\/www.facebook.com\/cafecomam<\/a><\/p>\n<\/div><\/div><\/div><\/div><\/div><\/section><section class=\"kc-elm kc-css-854247 kc_row\"><div class=\"kc-row-container  kc-container\"><div class=\"kc-wrap-columns\"><div class=\"kc-elm kc-css-794941 kc_col-sm-12 kc_column kc_col-sm-12\"><div class=\"kc-col-container\">\n<div class=\"kc-elm kc-css-591597 divider_line\">\n\t<div class=\"divider_inner divider_line1\">\n\t\t\t<\/div>\n<\/div>\n<\/div><\/div><\/div><\/div><\/section><section class=\"kc-elm kc-css-100860 kc_row\"><div class=\"kc-row-container  kc-container\"><div class=\"kc-wrap-columns\"><div class=\"kc-elm kc-css-870039 kc_col-sm-6 kc_column kc_col-sm-6\"><div class=\"kc-col-container\"><div class=\"kc-elm kc-css-860098 kc_text_block\"><div dir=\"auto\">Un sitio donde se encuentra la mejor taza de esta tradicional bebida, producida por una red comunitaria de fincas agroecol\u00f3gicas y reservas naturales del Paisaje Cultural Cafetero &#8211; Patrimonio Mundial de la UNESCO en El Cairo, Valle del Cauca.<span style=\"color: #5c9c3f;\">&#8211;<\/span> Tienda de caf\u00e9.<\/div>\n<div dir=\"auto\"><span style=\"color: #5c9c3f;\">\u00a0<\/span><\/div>\n<div dir=\"auto\"><span style=\"color: #5c9c3f;\">\u00a0&#8211;\u00a0<\/span> Tosti\u00f3n y empaque<br \/>\n<span style=\"color: #5c9c3f;\">\u00a0&#8211;\u00a0<\/span> Eventos culturales y exposiciones permantentes<br \/>\n<span style=\"color: #5c9c3f;\">\u00a0&#8211;\u00a0<\/span> Vivero y floristeria<br \/>\n<span style=\"color: #5c9c3f;\">\u00a0&#8211;\u00a0<\/span> Comida sana<br \/>\n<span style=\"color: #5c9c3f;\">\u00a0&#8211;\u00a0<\/span> Ecotienda de productos COMAM<br \/>\n<span style=\"color: #5c9c3f;\">\u00a0&#8211;\u00a0<\/span> Turismo de naturaleza<\/div>\n<\/div><\/div><\/div><div class=\"kc-elm kc-css-91907 kc_col-sm-6 kc_column kc_col-sm-6\"><div class=\"kc-col-container\"><div class=\"kc-elm kc-css-559835 kc_shortcode kc_single_image\">\n\n        <img src=\"https:\/\/serraniagua.org\/anterior\/wp-content\/uploads\/2021\/06\/34140947_2078451685769029_6824042493143678976_n.jpg\" class=\"\" alt=\"\" \/>    <\/div>\n<\/div><\/div><\/div><\/div><\/section><section class=\"kc-elm kc-css-88042 kc_row\"><div class=\"kc-row-container  kc-container\"><div class=\"kc-wrap-columns\"><div class=\"kc-elm kc-css-854041 kc_col-sm-12 kc_column kc_col-sm-12\"><div class=\"kc-col-container\">\n<div class=\"kc-elm kc-css-965003 divider_line\">\n\t<div class=\"divider_inner divider_line1\">\n\t\t\t<\/div>\n<\/div>\n<\/div><\/div><\/div><\/div><\/section><section class=\"kc-elm kc-css-709762 kc_row\"><div class=\"kc-row-container  kc-container\"><div class=\"kc-wrap-columns\"><div class=\"kc-elm kc-css-741037 kc_col-sm-12 kc_column kc_col-sm-12\"><div class=\"kc-col-container\"><div class=\"kc-elm kc-css-965331 kc_row kc_row_inner\"><div class=\"kc-elm kc-css-285358 kc_col-sm-6 kc_column_inner kc_col-sm-6\"><div class=\"kc_wrapper kc-col-inner-container\"><div class=\"kc-elm kc-css-841280 kc_text_block\"><h2><span style=\"color: #5c9c3f;\">Actividades varias relacionadas con la cultura.<\/span><\/h2>\n<\/div><div class=\"kc-elm kc-css-522734\" style=\"height: 10px; clear: both; width:100%;\"><\/div><div class=\"kc-elm kc-css-167301 kc_text_block\"><div dir=\"auto\">Diferentes eventos en los cuales han particidado la comunidad asociada a Serraniagua COMAM.<\/div>\n<\/div><div class=\"kc-elm kc-css-790964\" style=\"height: 20px; clear: both; width:100%;\"><\/div><div class=\"kc-elm kc-css-953967 kc_row kc_row_inner\"><div class=\"kc-elm kc-css-285564 kc_col-sm-6 kc_column_inner kc_col-sm-6\"><div class=\"kc_wrapper kc-col-inner-container\"><div class=\"kc-elm kc-css-412283 kc_shortcode kc_single_image\">\n\n        <a rel=\"prettyPhoto\" class=\"kc-pretty-photo\" href=\"https:\/\/serraniagua.org\/anterior\/wp-content\/uploads\/2021\/06\/28070932_2024462877834577_1246222193314690875_o.jpg\" title=\"\" target=\"\">\n        <img src=\"https:\/\/serraniagua.org\/anterior\/wp-content\/uploads\/2021\/06\/28070932_2024462877834577_1246222193314690875_o.jpg\" class=\"\" alt=\"\" \/>    <\/a>\n    <\/div>\n<\/div><\/div><div class=\"kc-elm kc-css-502302 kc_col-sm-6 kc_column_inner kc_col-sm-6\"><div class=\"kc_wrapper kc-col-inner-container\"><div class=\"kc-elm kc-css-941087 kc_shortcode kc_single_image\">\n\n        <a rel=\"prettyPhoto\" class=\"kc-pretty-photo\" href=\"https:\/\/serraniagua.org\/anterior\/wp-content\/uploads\/2021\/06\/18672965_1890885291192337_7198750401871455759_o.jpg\" title=\"\" target=\"\">\n        <img src=\"https:\/\/serraniagua.org\/anterior\/wp-content\/uploads\/2021\/06\/18672965_1890885291192337_7198750401871455759_o.jpg\" class=\"\" alt=\"\" \/>    <\/a>\n    <\/div>\n<\/div><\/div><\/div><div class=\"kc-elm kc-css-924079\" style=\"height: 20px; clear: both; width:100%;\"><\/div><div class=\"kc-elm kc-css-864594 kc_row kc_row_inner\"><div class=\"kc-elm kc-css-251751 kc_col-sm-6 kc_column_inner kc_col-sm-6\"><div class=\"kc_wrapper kc-col-inner-container\"><div class=\"kc-elm kc-css-658418 kc_shortcode kc_single_image\">\n\n        <a rel=\"prettyPhoto\" class=\"kc-pretty-photo\" href=\"https:\/\/serraniagua.org\/anterior\/wp-content\/uploads\/2021\/06\/34504452_2080251575589040_1443197921573994496_n.jpg\" title=\"\" target=\"\">\n        <img src=\"https:\/\/serraniagua.org\/anterior\/wp-content\/uploads\/2021\/06\/34504452_2080251575589040_1443197921573994496_n.jpg\" class=\"\" alt=\"\" \/>    <\/a>\n    <\/div>\n<\/div><\/div><div class=\"kc-elm kc-css-16768 kc_col-sm-6 kc_column_inner kc_col-sm-6\"><div class=\"kc_wrapper kc-col-inner-container\"><div class=\"kc-elm kc-css-993496 kc_shortcode kc_single_image\">\n\n        <a rel=\"prettyPhoto\" class=\"kc-pretty-photo\" href=\"https:\/\/serraniagua.org\/anterior\/wp-content\/uploads\/2021\/06\/51987054_2262055244075338_283930512592994304_n.jpg\" title=\"\" target=\"\">\n        <img src=\"https:\/\/serraniagua.org\/anterior\/wp-content\/uploads\/2021\/06\/51987054_2262055244075338_283930512592994304_n.jpg\" class=\"\" alt=\"\" \/>    <\/a>\n    <\/div>\n<\/div><\/div><\/div><\/div><\/div><div class=\"kc-elm kc-css-700851 kc_col-sm-6 kc_column_inner kc_col-sm-6\"><div class=\"kc_wrapper kc-col-inner-container\"><div class=\"kc-elm kc-css-784065 kc_text_block\"><h2><span style=\"color: #5c9c3f;\">Exportaci\u00f3n de Caf\u00e9 en Velero.<\/span><\/h2>\n<\/div><div class=\"kc-elm kc-css-107770\" style=\"height: 10px; clear: both; width:100%;\"><\/div><div class=\"kc-elm kc-css-775149 kc_text_block\"><div dir=\"auto\">Otro gran paso para Nativos, que ahora trabaja con la Company Blue Schooner y su barco el Gallant. <span style=\"font-style: inherit;\">Una hermosa goleta construida en 1916 que surca todo el mundo, transportando caf\u00e9, cacao o ron, todo a la fuerza del viento y los brazos!<\/span><\/div>\n<\/div><div class=\"kc-elm kc-css-77773\" style=\"height: 20px; clear: both; width:100%;\"><\/div><div class=\"kc-elm kc-css-699634 kc_row kc_row_inner\"><div class=\"kc-elm kc-css-125582 kc_col-sm-6 kc_column_inner kc_col-sm-6\"><div class=\"kc_wrapper kc-col-inner-container\"><div class=\"kc-elm kc-css-925830 kc_shortcode kc_single_image\">\n\n        <a rel=\"prettyPhoto\" class=\"kc-pretty-photo\" href=\"https:\/\/serraniagua.org\/anterior\/wp-content\/uploads\/2021\/06\/160905946_3800879196664879_5054657773887051247_n.jpg\" title=\"\" target=\"\">\n        <img src=\"https:\/\/serraniagua.org\/anterior\/wp-content\/uploads\/2021\/06\/160905946_3800879196664879_5054657773887051247_n.jpg\" class=\"\" alt=\"\" \/>    <\/a>\n    <\/div>\n<\/div><\/div><div class=\"kc-elm kc-css-525024 kc_col-sm-6 kc_column_inner kc_col-sm-6\"><div class=\"kc_wrapper kc-col-inner-container\"><div class=\"kc-elm kc-css-64700 kc_shortcode kc_single_image\">\n\n        <a rel=\"prettyPhoto\" class=\"kc-pretty-photo\" href=\"https:\/\/serraniagua.org\/anterior\/wp-content\/uploads\/2021\/06\/160994838_3800874866665312_1675586379218872183_n.jpg\" title=\"\" target=\"\">\n        <img src=\"https:\/\/serraniagua.org\/anterior\/wp-content\/uploads\/2021\/06\/160994838_3800874866665312_1675586379218872183_n.jpg\" class=\"\" alt=\"\" \/>    <\/a>\n    <\/div>\n<\/div><\/div><\/div><div class=\"kc-elm kc-css-614838\" style=\"height: 20px; clear: both; width:100%;\"><\/div><div class=\"kc-elm kc-css-663579 kc_row kc_row_inner\"><div class=\"kc-elm kc-css-380079 kc_col-sm-6 kc_column_inner kc_col-sm-6\"><div class=\"kc_wrapper kc-col-inner-container\"><div class=\"kc-elm kc-css-244402 kc_shortcode kc_single_image\">\n\n        <a rel=\"prettyPhoto\" class=\"kc-pretty-photo\" href=\"https:\/\/serraniagua.org\/anterior\/wp-content\/uploads\/2021\/06\/160906086_3800874899998642_3274125594305212913_n.jpg\" title=\"\" target=\"\">\n        <img src=\"https:\/\/serraniagua.org\/anterior\/wp-content\/uploads\/2021\/06\/160906086_3800874899998642_3274125594305212913_n.jpg\" class=\"\" alt=\"\" \/>    <\/a>\n    <\/div>\n<\/div><\/div><div class=\"kc-elm kc-css-480229 kc_col-sm-6 kc_column_inner kc_col-sm-6\"><div class=\"kc_wrapper kc-col-inner-container\"><div class=\"kc-elm kc-css-528912 kc_shortcode kc_single_image\">\n\n        <a rel=\"prettyPhoto\" class=\"kc-pretty-photo\" href=\"https:\/\/serraniagua.org\/anterior\/wp-content\/uploads\/2021\/06\/160191758_3800874886665310_2997395430115061741_n.jpg\" title=\"\" target=\"\">\n        <img src=\"https:\/\/serraniagua.org\/anterior\/wp-content\/uploads\/2021\/06\/160191758_3800874886665310_2997395430115061741_n.jpg\" class=\"\" alt=\"\" \/>    <\/a>\n    <\/div>\n<\/div><\/div><\/div><\/div><\/div><\/div><\/div><\/div><\/div><\/div><\/section>\n","protected":false},"excerpt":{"rendered":"","protected":false},"author":1,"featured_media":0,"parent":0,"menu_order":0,"comment_status":"closed","ping_status":"closed","template":"","meta":[],"yoast_head":"<!-- This site is optimized with the Yoast SEO plugin v20.6 - https:\/\/yoast.com\/wordpress\/plugins\/seo\/ -->\n<title>Caf\u00e9 Cultural COMAM  - Serraniagua<\/title>\n<meta name=\"robots\" content=\"noindex, follow, max-snippet:-1, max-image-preview:large, max-video-preview:-1\" \/>\n<meta property=\"og:locale\" content=\"es_ES\" \/>\n<meta property=\"og:type\" content=\"article\" \/>\n<meta property=\"og:title\" content=\"Caf\u00e9 Cultural COMAM  - Serraniagua\" \/>\n<meta property=\"og:description\" content=\"El Caf\u00e9 Cultural COMAM es una vitrina de productos ambientalmente amigables producidos por campesinos cairenses y un lugar de encuentro cultural. El Caf\u00e9 Cultural COMAM naci\u00f3 con la voluntad de\" \/>\n<meta property=\"og:url\" content=\"https:\/\/serraniagua.org\/anterior\/?page_id=1911\" \/>\n<meta property=\"og:site_name\" content=\"Serraniagua\" \/>\n<meta property=\"article:publisher\" content=\"https:\/\/www.facebook.com\/Serraniagua\" \/>\n<meta property=\"article:modified_time\" content=\"2021-06-03T00:02:39+00:00\" \/>\n<meta property=\"og:image\" content=\"https:\/\/serraniagua.org\/anterior\/wp-content\/uploads\/2021\/06\/23845734_1979348119012720_5653392353585159716_o.jpg\" \/>\n<meta name=\"twitter:card\" content=\"summary_large_image\" \/>\n<meta name=\"twitter:site\" content=\"@Serraniagua\" \/>\n<meta name=\"twitter:label1\" content=\"Tiempo estimado de lectura\" \/>\n\t<meta name=\"twitter:data1\" content=\"2 minutos\" \/>\n<script type=\"application\/ld+json\" class=\"yoast-schema-graph\">{\"@context\":\"https:\/\/schema.org\",\"@graph\":[{\"@type\":\"WebPage\",\"@id\":\"https:\/\/serraniagua.org\/anterior\/?page_id=1911\",\"url\":\"https:\/\/serraniagua.org\/anterior\/?page_id=1911\",\"name\":\"Caf\u00e9 Cultural COMAM - Serraniagua\",\"isPartOf\":{\"@id\":\"https:\/\/serraniagua.org\/anterior\/#website\"},\"datePublished\":\"2021-05-21T16:31:46+00:00\",\"dateModified\":\"2021-06-03T00:02:39+00:00\",\"breadcrumb\":{\"@id\":\"https:\/\/serraniagua.org\/anterior\/?page_id=1911#breadcrumb\"},\"inLanguage\":\"es-CO\",\"potentialAction\":[{\"@type\":\"ReadAction\",\"target\":[\"https:\/\/serraniagua.org\/anterior\/?page_id=1911\"]}]},{\"@type\":\"BreadcrumbList\",\"@id\":\"https:\/\/serraniagua.org\/anterior\/?page_id=1911#breadcrumb\",\"itemListElement\":[{\"@type\":\"ListItem\",\"position\":1,\"name\":\"Inicio\",\"item\":\"https:\/\/serraniagua.org\/anterior\/\"},{\"@type\":\"ListItem\",\"position\":2,\"name\":\"Caf\u00e9 Cultural COMAM\"}]},{\"@type\":\"WebSite\",\"@id\":\"https:\/\/serraniagua.org\/anterior\/#website\",\"url\":\"https:\/\/serraniagua.org\/anterior\/\",\"name\":\"Serraniagua\",\"description\":\"Organizaci\u00f3n Ambiental Comunitaria\",\"publisher\":{\"@id\":\"https:\/\/serraniagua.org\/anterior\/#organization\"},\"potentialAction\":[{\"@type\":\"SearchAction\",\"target\":{\"@type\":\"EntryPoint\",\"urlTemplate\":\"https:\/\/serraniagua.org\/anterior\/?s={search_term_string}\"},\"query-input\":\"required name=search_term_string\"}],\"inLanguage\":\"es-CO\"},{\"@type\":\"Organization\",\"@id\":\"https:\/\/serraniagua.org\/anterior\/#organization\",\"name\":\"Serraniagua\",\"url\":\"https:\/\/serraniagua.org\/anterior\/\",\"logo\":{\"@type\":\"ImageObject\",\"inLanguage\":\"es-CO\",\"@id\":\"https:\/\/serraniagua.org\/anterior\/#\/schema\/logo\/image\/\",\"url\":\"https:\/\/serraniagua.org\/anterior\/wp-content\/uploads\/2021\/02\/logo_footer_color.png\",\"contentUrl\":\"https:\/\/serraniagua.org\/anterior\/wp-content\/uploads\/2021\/02\/logo_footer_color.png\",\"width\":224,\"height\":86,\"caption\":\"Serraniagua\"},\"image\":{\"@id\":\"https:\/\/serraniagua.org\/anterior\/#\/schema\/logo\/image\/\"},\"sameAs\":[\"https:\/\/www.facebook.com\/Serraniagua\",\"https:\/\/twitter.com\/Serraniagua\",\"https:\/\/www.instagram.com\/serraniagua_org\/\"]}]}<\/script>\n<!-- \/ Yoast SEO plugin. -->","yoast_head_json":{"title":"Caf\u00e9 Cultural COMAM  - Serraniagua","robots":{"index":"noindex","follow":"follow","max-snippet":"max-snippet:-1","max-image-preview":"max-image-preview:large","max-video-preview":"max-video-preview:-1"},"og_locale":"es_ES","og_type":"article","og_title":"Caf\u00e9 Cultural COMAM  - Serraniagua","og_description":"El Caf\u00e9 Cultural COMAM es una vitrina de productos ambientalmente amigables producidos por campesinos cairenses y un lugar de encuentro cultural. El Caf\u00e9 Cultural COMAM naci\u00f3 con la voluntad de","og_url":"https:\/\/serraniagua.org\/anterior\/?page_id=1911","og_site_name":"Serraniagua","article_publisher":"https:\/\/www.facebook.com\/Serraniagua","article_modified_time":"2021-06-03T00:02:39+00:00","og_image":[{"url":"https:\/\/serraniagua.org\/anterior\/wp-content\/uploads\/2021\/06\/23845734_1979348119012720_5653392353585159716_o.jpg"}],"twitter_card":"summary_large_image","twitter_site":"@Serraniagua","twitter_misc":{"Tiempo estimado de lectura":"2 minutos"},"schema":{"@context":"https:\/\/schema.org","@graph":[{"@type":"WebPage","@id":"https:\/\/serraniagua.org\/anterior\/?page_id=1911","url":"https:\/\/serraniagua.org\/anterior\/?page_id=1911","name":"Caf\u00e9 Cultural COMAM - Serraniagua","isPartOf":{"@id":"https:\/\/serraniagua.org\/anterior\/#website"},"datePublished":"2021-05-21T16:31:46+00:00","dateModified":"2021-06-03T00:02:39+00:00","breadcrumb":{"@id":"https:\/\/serraniagua.org\/anterior\/?page_id=1911#breadcrumb"},"inLanguage":"es-CO","potentialAction":[{"@type":"ReadAction","target":["https:\/\/serraniagua.org\/anterior\/?page_id=1911"]}]},{"@type":"BreadcrumbList","@id":"https:\/\/serraniagua.org\/anterior\/?page_id=1911#breadcrumb","itemListElement":[{"@type":"ListItem","position":1,"name":"Inicio","item":"https:\/\/serraniagua.org\/anterior\/"},{"@type":"ListItem","position":2,"name":"Caf\u00e9 Cultural COMAM"}]},{"@type":"WebSite","@id":"https:\/\/serraniagua.org\/anterior\/#website","url":"https:\/\/serraniagua.org\/anterior\/","name":"Serraniagua","description":"Organizaci\u00f3n Ambiental Comunitaria","publisher":{"@id":"https:\/\/serraniagua.org\/anterior\/#organization"},"potentialAction":[{"@type":"SearchAction","target":{"@type":"EntryPoint","urlTemplate":"https:\/\/serraniagua.org\/anterior\/?s={search_term_string}"},"query-input":"required name=search_term_string"}],"inLanguage":"es-CO"},{"@type":"Organization","@id":"https:\/\/serraniagua.org\/anterior\/#organization","name":"Serraniagua","url":"https:\/\/serraniagua.org\/anterior\/","logo":{"@type":"ImageObject","inLanguage":"es-CO","@id":"https:\/\/serraniagua.org\/anterior\/#\/schema\/logo\/image\/","url":"https:\/\/serraniagua.org\/anterior\/wp-content\/uploads\/2021\/02\/logo_footer_color.png","contentUrl":"https:\/\/serraniagua.org\/anterior\/wp-content\/uploads\/2021\/02\/logo_footer_color.png","width":224,"height":86,"caption":"Serraniagua"},"image":{"@id":"https:\/\/serraniagua.org\/anterior\/#\/schema\/logo\/image\/"},"sameAs":["https:\/\/www.facebook.com\/Serraniagua","https:\/\/twitter.com\/Serraniagua","https:\/\/www.instagram.com\/serraniagua_org\/"]}]}},"_links":{"self":[{"href":"https:\/\/serraniagua.org\/anterior\/index.php?rest_route=\/wp\/v2\/pages\/1911"}],"collection":[{"href":"https:\/\/serraniagua.org\/anterior\/index.php?rest_route=\/wp\/v2\/pages"}],"about":[{"href":"https:\/\/serraniagua.org\/anterior\/index.php?rest_route=\/wp\/v2\/types\/page"}],"author":[{"embeddable":true,"href":"https:\/\/serraniagua.org\/anterior\/index.php?rest_route=\/wp\/v2\/users\/1"}],"replies":[{"embeddable":true,"href":"https:\/\/serraniagua.org\/anterior\/index.php?rest_route=%2Fwp%2Fv2%2Fcomments&post=1911"}],"version-history":[{"count":25,"href":"https:\/\/serraniagua.org\/anterior\/index.php?rest_route=\/wp\/v2\/pages\/1911\/revisions"}],"predecessor-version":[{"id":1918,"href":"https:\/\/serraniagua.org\/anterior\/index.php?rest_route=\/wp\/v2\/pages\/1911\/revisions\/1918"}],"wp:attachment":[{"href":"https:\/\/serraniagua.org\/anterior\/index.php?rest_route=%2Fwp%2Fv2%2Fmedia&parent=1911"}],"curies":[{"name":"wp","href":"https:\/\/api.w.org\/{rel}","templated":true}]}}