{"id":1257,"date":"2020-10-30T21:18:35","date_gmt":"2020-10-30T21:18:35","guid":{"rendered":"https:\/\/serraniagua.org\/anterior\/?page_id=1257"},"modified":"2021-02-23T17:17:42","modified_gmt":"2021-02-23T22:17:42","slug":"alianza-del-clima-voralberg","status":"publish","type":"page","link":"https:\/\/serraniagua.org\/anterior\/?page_id=1257","title":{"rendered":"Alianza del Clima &#8211; Voralberg"},"content":{"rendered":"<section class=\"kc-elm kc-css-109724 kc_row\"><div class=\"kc-row-container  kc-container\"><div class=\"kc-wrap-columns\"><div class=\"kc-elm kc-css-223767 kc_col-sm-6 kc_column kc_col-sm-6\"><div class=\"kc-col-container\"><div class=\"kc-elm kc-css-862287 kc_shortcode kc_single_image\">\n\n        <a rel=\"prettyPhoto\" class=\"kc-pretty-photo\" href=\"https:\/\/serraniagua.org\/anterior\/wp-content\/uploads\/2020\/10\/klumabudnis.png\" title=\"\" target=\"\">\n        <img src=\"https:\/\/serraniagua.org\/anterior\/wp-content\/uploads\/2020\/10\/klumabudnis.png\" class=\"\" alt=\"\" \/>    <\/a>\n    <\/div>\n<\/div><\/div><div class=\"kc-elm kc-css-83436 kc_col-sm-6 kc_column kc_col-sm-6\"><div class=\"kc-col-container\"><div class=\"kc-elm kc-css-566665 kc_text_block\"><h1 style=\"color: #5c9c3f;\">Alianza del Clima &#8211; Voralberg<\/h1>\n<\/div><div class=\"kc-elm kc-css-531513\" style=\"height: 40px; clear: both; width:100%;\"><\/div><div class=\"kc-elm kc-css-958796 kc_text_block\"><p>La Alianza Clim\u00e1tica es una asociaci\u00f3n mundial para la protecci\u00f3n del clima y ahora conecta a m\u00e1s de 1.700 comunidades en 27 pa\u00edses de Europa con los pueblos ind\u00edgenas de Am\u00e9rica del Sur. Los objetivos comunes son:<\/p>\n<\/div><div class=\"kc-elm kc-css-417695\" style=\"height: 10px; clear: both; width:100%;\"><\/div><div class=\"kc-elm kc-css-776823 kc_text_block\"><p>&#8211; Reducir las emisiones de gases de efecto invernadero y<\/p>\n<p><span style=\"font-style: inherit;\">&#8211; Preservaci\u00f3n de la selva amaz\u00f3nica.<\/span><\/p>\n<\/div><div class=\"kc-elm kc-css-284695\" style=\"height: 10px; clear: both; width:100%;\"><\/div><div class=\"kc-elm kc-css-79367 kc_text_block\"><p>Somos la mayor red municipal de protecci\u00f3n clim\u00e1tica de Austria. Implementamos iniciativas locales de protecci\u00f3n del clima mientras protegemos la selva amaz\u00f3nica y Choc\u00f3. Y este ha sido el caso desde 1990.<\/p>\n<\/div><div class=\"kc-elm kc-css-942844\" style=\"height: 20px; clear: both; width:100%;\"><\/div><div class=\"kc-elm kc-css-689566 kc_text_block\"><blockquote>\n<p><span style=\"color: #5c9c3f;\">Serraniagua es una de las organizaciones aliadas para la conservaci\u00f3n del Choc\u00f3 &#8211; Biogeogr\u00e1fico.<\/span><\/p>\n<\/blockquote>\n<\/div><div class=\"kc-elm kc-css-70816\" style=\"height: 10px; clear: both; width:100%;\"><\/div><div class=\"kc-elm kc-css-224723 kc_text_block\"><p>Puedes visitarlos en esta p\u00e1gina web:\u00a0<a href=\"https:\/\/www.klimabuendnis.at\/\">https:\/\/www.klimabuendnis.at\/<\/a><\/p>\n<\/div><\/div><\/div><\/div><\/div><\/section>\n","protected":false},"excerpt":{"rendered":"","protected":false},"author":1,"featured_media":0,"parent":0,"menu_order":0,"comment_status":"closed","ping_status":"closed","template":"","meta":[],"yoast_head":"<!-- This site is optimized with the Yoast SEO plugin v20.6 - https:\/\/yoast.com\/wordpress\/plugins\/seo\/ -->\n<title>Alianza del Clima - Voralberg - Serraniagua<\/title>\n<meta name=\"robots\" content=\"noindex, follow, max-snippet:-1, max-image-preview:large, max-video-preview:-1\" \/>\n<meta property=\"og:locale\" content=\"es_ES\" \/>\n<meta property=\"og:type\" content=\"article\" \/>\n<meta property=\"og:title\" content=\"Alianza del Clima - Voralberg - Serraniagua\" \/>\n<meta property=\"og:description\" content=\"Alianza del Clima &#8211; Voralberg La Alianza Clim\u00e1tica es una asociaci\u00f3n mundial para la protecci\u00f3n del clima y ahora conecta a m\u00e1s de 1.700 comunidades en 27 pa\u00edses de Europa\" \/>\n<meta property=\"og:url\" content=\"https:\/\/serraniagua.org\/anterior\/?page_id=1257\" \/>\n<meta property=\"og:site_name\" content=\"Serraniagua\" \/>\n<meta property=\"article:publisher\" content=\"https:\/\/www.facebook.com\/Serraniagua\" \/>\n<meta property=\"article:modified_time\" content=\"2021-02-23T22:17:42+00:00\" \/>\n<meta property=\"og:image\" content=\"https:\/\/serraniagua.org\/anterior\/wp-content\/uploads\/2020\/10\/klumabudnis.png\" \/>\n<meta name=\"twitter:card\" content=\"summary_large_image\" \/>\n<meta name=\"twitter:site\" content=\"@Serraniagua\" \/>\n<meta name=\"twitter:label1\" content=\"Tiempo estimado de lectura\" \/>\n\t<meta name=\"twitter:data1\" content=\"1 minuto\" \/>\n<script type=\"application\/ld+json\" class=\"yoast-schema-graph\">{\"@context\":\"https:\/\/schema.org\",\"@graph\":[{\"@type\":\"WebPage\",\"@id\":\"https:\/\/serraniagua.org\/anterior\/?page_id=1257\",\"url\":\"https:\/\/serraniagua.org\/anterior\/?page_id=1257\",\"name\":\"Alianza del Clima - Voralberg - Serraniagua\",\"isPartOf\":{\"@id\":\"https:\/\/serraniagua.org\/anterior\/#website\"},\"datePublished\":\"2020-10-30T21:18:35+00:00\",\"dateModified\":\"2021-02-23T22:17:42+00:00\",\"breadcrumb\":{\"@id\":\"https:\/\/serraniagua.org\/anterior\/?page_id=1257#breadcrumb\"},\"inLanguage\":\"es-CO\",\"potentialAction\":[{\"@type\":\"ReadAction\",\"target\":[\"https:\/\/serraniagua.org\/anterior\/?page_id=1257\"]}]},{\"@type\":\"BreadcrumbList\",\"@id\":\"https:\/\/serraniagua.org\/anterior\/?page_id=1257#breadcrumb\",\"itemListElement\":[{\"@type\":\"ListItem\",\"position\":1,\"name\":\"Inicio\",\"item\":\"https:\/\/serraniagua.org\/anterior\/\"},{\"@type\":\"ListItem\",\"position\":2,\"name\":\"Alianza del Clima &#8211; Voralberg\"}]},{\"@type\":\"WebSite\",\"@id\":\"https:\/\/serraniagua.org\/anterior\/#website\",\"url\":\"https:\/\/serraniagua.org\/anterior\/\",\"name\":\"Serraniagua\",\"description\":\"Organizaci\u00f3n Ambiental Comunitaria\",\"publisher\":{\"@id\":\"https:\/\/serraniagua.org\/anterior\/#organization\"},\"potentialAction\":[{\"@type\":\"SearchAction\",\"target\":{\"@type\":\"EntryPoint\",\"urlTemplate\":\"https:\/\/serraniagua.org\/anterior\/?s={search_term_string}\"},\"query-input\":\"required name=search_term_string\"}],\"inLanguage\":\"es-CO\"},{\"@type\":\"Organization\",\"@id\":\"https:\/\/serraniagua.org\/anterior\/#organization\",\"name\":\"Serraniagua\",\"url\":\"https:\/\/serraniagua.org\/anterior\/\",\"logo\":{\"@type\":\"ImageObject\",\"inLanguage\":\"es-CO\",\"@id\":\"https:\/\/serraniagua.org\/anterior\/#\/schema\/logo\/image\/\",\"url\":\"https:\/\/serraniagua.org\/anterior\/wp-content\/uploads\/2021\/02\/logo_footer_color.png\",\"contentUrl\":\"https:\/\/serraniagua.org\/anterior\/wp-content\/uploads\/2021\/02\/logo_footer_color.png\",\"width\":224,\"height\":86,\"caption\":\"Serraniagua\"},\"image\":{\"@id\":\"https:\/\/serraniagua.org\/anterior\/#\/schema\/logo\/image\/\"},\"sameAs\":[\"https:\/\/www.facebook.com\/Serraniagua\",\"https:\/\/twitter.com\/Serraniagua\",\"https:\/\/www.instagram.com\/serraniagua_org\/\"]}]}<\/script>\n<!-- \/ Yoast SEO plugin. -->","yoast_head_json":{"title":"Alianza del Clima - Voralberg - Serraniagua","robots":{"index":"noindex","follow":"follow","max-snippet":"max-snippet:-1","max-image-preview":"max-image-preview:large","max-video-preview":"max-video-preview:-1"},"og_locale":"es_ES","og_type":"article","og_title":"Alianza del Clima - Voralberg - Serraniagua","og_description":"Alianza del Clima &#8211; Voralberg La Alianza Clim\u00e1tica es una asociaci\u00f3n mundial para la protecci\u00f3n del clima y ahora conecta a m\u00e1s de 1.700 comunidades en 27 pa\u00edses de Europa","og_url":"https:\/\/serraniagua.org\/anterior\/?page_id=1257","og_site_name":"Serraniagua","article_publisher":"https:\/\/www.facebook.com\/Serraniagua","article_modified_time":"2021-02-23T22:17:42+00:00","og_image":[{"url":"https:\/\/serraniagua.org\/anterior\/wp-content\/uploads\/2020\/10\/klumabudnis.png"}],"twitter_card":"summary_large_image","twitter_site":"@Serraniagua","twitter_misc":{"Tiempo estimado de lectura":"1 minuto"},"schema":{"@context":"https:\/\/schema.org","@graph":[{"@type":"WebPage","@id":"https:\/\/serraniagua.org\/anterior\/?page_id=1257","url":"https:\/\/serraniagua.org\/anterior\/?page_id=1257","name":"Alianza del Clima - Voralberg - Serraniagua","isPartOf":{"@id":"https:\/\/serraniagua.org\/anterior\/#website"},"datePublished":"2020-10-30T21:18:35+00:00","dateModified":"2021-02-23T22:17:42+00:00","breadcrumb":{"@id":"https:\/\/serraniagua.org\/anterior\/?page_id=1257#breadcrumb"},"inLanguage":"es-CO","potentialAction":[{"@type":"ReadAction","target":["https:\/\/serraniagua.org\/anterior\/?page_id=1257"]}]},{"@type":"BreadcrumbList","@id":"https:\/\/serraniagua.org\/anterior\/?page_id=1257#breadcrumb","itemListElement":[{"@type":"ListItem","position":1,"name":"Inicio","item":"https:\/\/serraniagua.org\/anterior\/"},{"@type":"ListItem","position":2,"name":"Alianza del Clima &#8211; Voralberg"}]},{"@type":"WebSite","@id":"https:\/\/serraniagua.org\/anterior\/#website","url":"https:\/\/serraniagua.org\/anterior\/","name":"Serraniagua","description":"Organizaci\u00f3n Ambiental Comunitaria","publisher":{"@id":"https:\/\/serraniagua.org\/anterior\/#organization"},"potentialAction":[{"@type":"SearchAction","target":{"@type":"EntryPoint","urlTemplate":"https:\/\/serraniagua.org\/anterior\/?s={search_term_string}"},"query-input":"required name=search_term_string"}],"inLanguage":"es-CO"},{"@type":"Organization","@id":"https:\/\/serraniagua.org\/anterior\/#organization","name":"Serraniagua","url":"https:\/\/serraniagua.org\/anterior\/","logo":{"@type":"ImageObject","inLanguage":"es-CO","@id":"https:\/\/serraniagua.org\/anterior\/#\/schema\/logo\/image\/","url":"https:\/\/serraniagua.org\/anterior\/wp-content\/uploads\/2021\/02\/logo_footer_color.png","contentUrl":"https:\/\/serraniagua.org\/anterior\/wp-content\/uploads\/2021\/02\/logo_footer_color.png","width":224,"height":86,"caption":"Serraniagua"},"image":{"@id":"https:\/\/serraniagua.org\/anterior\/#\/schema\/logo\/image\/"},"sameAs":["https:\/\/www.facebook.com\/Serraniagua","https:\/\/twitter.com\/Serraniagua","https:\/\/www.instagram.com\/serraniagua_org\/"]}]}},"_links":{"self":[{"href":"https:\/\/serraniagua.org\/anterior\/index.php?rest_route=\/wp\/v2\/pages\/1257"}],"collection":[{"href":"https:\/\/serraniagua.org\/anterior\/index.php?rest_route=\/wp\/v2\/pages"}],"about":[{"href":"https:\/\/serraniagua.org\/anterior\/index.php?rest_route=\/wp\/v2\/types\/page"}],"author":[{"embeddable":true,"href":"https:\/\/serraniagua.org\/anterior\/index.php?rest_route=\/wp\/v2\/users\/1"}],"replies":[{"embeddable":true,"href":"https:\/\/serraniagua.org\/anterior\/index.php?rest_route=%2Fwp%2Fv2%2Fcomments&post=1257"}],"version-history":[{"count":5,"href":"https:\/\/serraniagua.org\/anterior\/index.php?rest_route=\/wp\/v2\/pages\/1257\/revisions"}],"predecessor-version":[{"id":1261,"href":"https:\/\/serraniagua.org\/anterior\/index.php?rest_route=\/wp\/v2\/pages\/1257\/revisions\/1261"}],"wp:attachment":[{"href":"https:\/\/serraniagua.org\/anterior\/index.php?rest_route=%2Fwp%2Fv2%2Fmedia&parent=1257"}],"curies":[{"name":"wp","href":"https:\/\/api.w.org\/{rel}","templated":true}]}}

<section class="kc-elm kc-css-109724 kc_row"><div class="kc-row-container  kc-container"><div class="kc-wrap-columns"><div class="kc-elm kc-css-223767 kc_col-sm-6 kc_column kc_col-sm-6"><div class="kc-col-container"><div class="kc-elm kc-css-862287 kc_shortcode kc_single_image">

        <a rel="prettyPhoto" class="kc-pretty-photo" href="https://serraniagua.org/anterior/wp-content/uploads/2020/10/klumabudnis.png" title="" target="">
        <img src="https://serraniagua.org/anterior/wp-content/uploads/2020/10/klumabudnis.png" class="" alt="" />    </a>
    </div>
</div></div><div class="kc-elm kc-css-83436 kc_col-sm-6 kc_column kc_col-sm-6"><div class="kc-col-container"><div class="kc-elm kc-css-566665 kc_text_block"><h1 style="color: #5c9c3f;">Alianza del Clima &#8211; Voralberg</h1>
</div><div class="kc-elm kc-css-531513" style="height: 40px; clear: both; width:100%;"></div><div class="kc-elm kc-css-958796 kc_text_block"><p>La Alianza Climática es una asociación mundial para la protección del clima y ahora conecta a más de 1.700 comunidades en 27 países de Europa con los pueblos indígenas de América del Sur. Los objetivos comunes son:</p>
</div><div class="kc-elm kc-css-417695" style="height: 10px; clear: both; width:100%;"></div><div class="kc-elm kc-css-776823 kc_text_block"><p>&#8211; Reducir las emisiones de gases de efecto invernadero y</p>
<p><span style="font-style: inherit;">&#8211; Preservación de la selva amazónica.</span></p>
</div><div class="kc-elm kc-css-284695" style="height: 10px; clear: both; width:100%;"></div><div class="kc-elm kc-css-79367 kc_text_block"><p>Somos la mayor red municipal de protección climática de Austria. Implementamos iniciativas locales de protección del clima mientras protegemos la selva amazónica y Chocó. Y este ha sido el caso desde 1990.</p>
</div><div class="kc-elm kc-css-942844" style="height: 20px; clear: both; width:100%;"></div><div class="kc-elm kc-css-689566 kc_text_block"><blockquote>
<p><span style="color: #5c9c3f;">Serraniagua es una de las organizaciones aliadas para la conservación del Chocó &#8211; Biogeográfico.</span></p>
</blockquote>
</div><div class="kc-elm kc-css-70816" style="height: 10px; clear: both; width:100%;"></div><div class="kc-elm kc-css-224723 kc_text_block"><p>Puedes visitarlos en esta página web: <a href="https://www.klimabuendnis.at/">https://www.klimabuendnis.at/</a></p>
</div></div></div></div></div></section>

<!-- This site is optimized with the Yoast SEO plugin v20.6 - https://yoast.com/wordpress/plugins/seo/ -->
<title>Alianza del Clima - Voralberg - Serraniagua</title>
<meta name="robots" content="noindex, follow, max-snippet:-1, max-image-preview:large, max-video-preview:-1" />
<meta property="og:locale" content="es_ES" />
<meta property="og:type" content="article" />
<meta property="og:title" content="Alianza del Clima - Voralberg - Serraniagua" />
<meta property="og:description" content="Alianza del Clima &#8211; Voralberg La Alianza Climática es una asociación mundial para la protección del clima y ahora conecta a más de 1.700 comunidades en 27 países de Europa" />
<meta property="og:url" content="https://serraniagua.org/anterior/?page_id=1257" />
<meta property="og:site_name" content="Serraniagua" />
<meta property="article:publisher" content="https://www.facebook.com/Serraniagua" />
<meta property="article:modified_time" content="2021-02-23T22:17:42+00:00" />
<meta property="og:image" content="https://serraniagua.org/anterior/wp-content/uploads/2020/10/klumabudnis.png" />
<meta name="twitter:card" content="summary_large_image" />
<meta name="twitter:site" content="@Serraniagua" />
<meta name="twitter:label1" content="Tiempo estimado de lectura" />
	<meta name="twitter:data1" content="1 minuto" />
<script type="application/ld+json" class="yoast-schema-graph">{"@context":"https://schema.org","@graph":[{"@type":"WebPage","@id":"https://serraniagua.org/anterior/?page_id=1257","url":"https://serraniagua.org/anterior/?page_id=1257","name":"Alianza del Clima - Voralberg - Serraniagua","isPartOf":{"@id":"https://serraniagua.org/anterior/#website"},"datePublished":"2020-10-30T21:18:35+00:00","dateModified":"2021-02-23T22:17:42+00:00","breadcrumb":{"@id":"https://serraniagua.org/anterior/?page_id=1257#breadcrumb"},"inLanguage":"es-CO","potentialAction":[{"@type":"ReadAction","target":["https://serraniagua.org/anterior/?page_id=1257"]}]},{"@type":"BreadcrumbList","@id":"https://serraniagua.org/anterior/?page_id=1257#breadcrumb","itemListElement":[{"@type":"ListItem","position":1,"name":"Inicio","item":"https://serraniagua.org/anterior/"},{"@type":"ListItem","position":2,"name":"Alianza del Clima &#8211; Voralberg"}]},{"@type":"WebSite","@id":"https://serraniagua.org/anterior/#website","url":"https://serraniagua.org/anterior/","name":"Serraniagua","description":"Organización Ambiental Comunitaria","publisher":{"@id":"https://serraniagua.org/anterior/#organization"},"potentialAction":[{"@type":"SearchAction","target":{"@type":"EntryPoint","urlTemplate":"https://serraniagua.org/anterior/?s={search_term_string}"},"query-input":"required name=search_term_string"}],"inLanguage":"es-CO"},{"@type":"Organization","@id":"https://serraniagua.org/anterior/#organization","name":"Serraniagua","url":"https://serraniagua.org/anterior/","logo":{"@type":"ImageObject","inLanguage":"es-CO","@id":"https://serraniagua.org/anterior/#/schema/logo/image/","url":"https://serraniagua.org/anterior/wp-content/uploads/2021/02/logo_footer_color.png","contentUrl":"https://serraniagua.org/anterior/wp-content/uploads/2021/02/logo_footer_color.png","width":224,"height":86,"caption":"Serraniagua"},"image":{"@id":"https://serraniagua.org/anterior/#/schema/logo/image/"},"sameAs":["https://www.facebook.com/Serraniagua","https://twitter.com/Serraniagua","https://www.instagram.com/serraniagua_org/"]}]}</script>
<!-- / Yoast SEO plugin. -->

Alianza del Clima &#8211; Voralberg La Alianza Climática es una asociación mundial para la protección del clima y ahora conecta a más de 1.700 comunidades en 27 países de Europa

Organización Ambiental Comunitaria
