{"id":1237,"date":"2020-10-30T20:27:59","date_gmt":"2020-10-30T20:27:59","guid":{"rendered":"https:\/\/serraniagua.org\/anterior\/?page_id=1237"},"modified":"2022-02-23T16:56:49","modified_gmt":"2022-02-23T21:56:49","slug":"radda-regsnkog","status":"publish","type":"page","link":"https:\/\/serraniagua.org\/anterior\/?page_id=1237","title":{"rendered":"Radda Regsnkog"},"content":{"rendered":"<section class=\"kc-elm kc-css-290223 kc_row\"><div class=\"kc-row-container  kc-container\"><div class=\"kc-wrap-columns\"><div class=\"kc-elm kc-css-962032 kc_col-sm-6 kc_column kc_col-sm-6\"><div class=\"kc-col-container\"><div class=\"kc-elm kc-css-837766 kc_shortcode kc_single_image\">\n\n        <a rel=\"prettyPhoto\" class=\"kc-pretty-photo\" href=\"https:\/\/serraniagua.org\/anterior\/wp-content\/uploads\/2020\/10\/radda_regnskog.jpg\" title=\"\" target=\"\">\n        <img src=\"https:\/\/serraniagua.org\/anterior\/wp-content\/uploads\/2020\/10\/radda_regnskog.jpg\" class=\"\" alt=\"\" \/>    <\/a>\n    <\/div>\n<\/div><\/div><div class=\"kc-elm kc-css-665389 kc_col-sm-6 kc_column kc_col-sm-6\"><div class=\"kc-col-container\"><div class=\"kc-elm kc-css-414562 kc_text_block\"><h1 style=\"color: #5c9c3f;\">Radda Regsnkog &#8211; Salvemos el Bosque Tropical<\/h1>\n<\/div><div class=\"kc-elm kc-css-772669\" style=\"height: 40px; clear: both; width:100%;\"><\/div><div class=\"kc-elm kc-css-443091 kc_text_block\"><p>Save the Rainforest Suecia trabaja para proteger la selva tropical en Ecuador y Colombia en asociaci\u00f3n con socios locales. Nos concentramos en \u00e1reas de alt\u00edsima biodiversidad dentro de la regi\u00f3n del Choc\u00f3, uno de los hotspots de biodiversidad del mundo. Trabajamos a trav\u00e9s de la adquisici\u00f3n directa de bosque ya trav\u00e9s de acuerdos con propietarios de terrenos, creando reservas y conectando grandes \u00e1reas de bosque para salvaguardar la infraestructura verde. La mayor parte del bosque que preservamos es bosque primario que nunca ha sido talado; algunos son bosques secundarios en recuperaci\u00f3n. Todo el bosque est\u00e1 sujeto a la amenaza de los madereros, la agricultura y las plantaciones.<\/p>\n<\/div><div class=\"kc-elm kc-css-332795\" style=\"height: 10px; clear: both; width:100%;\"><\/div><div class=\"kc-elm kc-css-564287 kc_text_block\"><p>Tambi\u00e9n llevamos a cabo actividades para apoyar el desarrollo sostenible local y abordar las causas subyacentes de la deforestaci\u00f3n. En cooperaci\u00f3n con nuestros socios organizamos educaci\u00f3n ambiental, desarrollamos pr\u00e1cticas agroforestales sostenibles y ecoturismo. Tambi\u00e9n cooperamos con instituciones de investigaci\u00f3n.<\/p>\n<\/div><div class=\"kc-elm kc-css-706960\" style=\"height: 20px; clear: both; width:100%;\"><\/div><div class=\"kc-elm kc-css-342376 kc_text_block\"><blockquote>\n<p><span style=\"color: #5c9c3f;\">Serraniagua hace parte de la red de organizaciones que trabajan por la conservaci\u00f3n de los bosques amenazados en Latinoam\u00e9rica con el apoyo de RR.<\/span><\/p>\n<\/blockquote>\n<\/div><div class=\"kc-elm kc-css-616389\" style=\"height: 10px; clear: both; width:100%;\"><\/div><div class=\"kc-elm kc-css-919689 kc_text_block\"><p>Puede visitar el sitio web de ellos ac\u00e1:\u00a0<a href=\"https:\/\/raddaregnskog.se\/\">https:\/\/raddaregnskog.se\/<\/a><\/p>\n<\/div><\/div><\/div><\/div><\/div><\/section>\n","protected":false},"excerpt":{"rendered":"","protected":false},"author":1,"featured_media":0,"parent":0,"menu_order":0,"comment_status":"closed","ping_status":"closed","template":"","meta":[],"yoast_head":"<!-- This site is optimized with the Yoast SEO plugin v20.6 - https:\/\/yoast.com\/wordpress\/plugins\/seo\/ -->\n<title>Radda Regsnkog - Serraniagua<\/title>\n<meta name=\"robots\" content=\"noindex, follow, max-snippet:-1, max-image-preview:large, max-video-preview:-1\" \/>\n<meta property=\"og:locale\" content=\"es_ES\" \/>\n<meta property=\"og:type\" content=\"article\" \/>\n<meta property=\"og:title\" content=\"Radda Regsnkog - Serraniagua\" \/>\n<meta property=\"og:description\" content=\"Radda Regsnkog &#8211; Salvemos el Bosque Tropical Save the Rainforest Suecia trabaja para proteger la selva tropical en Ecuador y Colombia en asociaci\u00f3n con socios locales. Nos concentramos en \u00e1reas\" \/>\n<meta property=\"og:url\" content=\"https:\/\/serraniagua.org\/anterior\/?page_id=1237\" \/>\n<meta property=\"og:site_name\" content=\"Serraniagua\" \/>\n<meta property=\"article:publisher\" content=\"https:\/\/www.facebook.com\/Serraniagua\" \/>\n<meta property=\"article:modified_time\" content=\"2022-02-23T21:56:49+00:00\" \/>\n<meta property=\"og:image\" content=\"https:\/\/serraniagua.org\/anterior\/wp-content\/uploads\/2020\/10\/radda_regnskog.jpg\" \/>\n<meta name=\"twitter:card\" content=\"summary_large_image\" \/>\n<meta name=\"twitter:site\" content=\"@Serraniagua\" \/>\n<meta name=\"twitter:label1\" content=\"Tiempo estimado de lectura\" \/>\n\t<meta name=\"twitter:data1\" content=\"1 minuto\" \/>\n<script type=\"application\/ld+json\" class=\"yoast-schema-graph\">{\"@context\":\"https:\/\/schema.org\",\"@graph\":[{\"@type\":\"WebPage\",\"@id\":\"https:\/\/serraniagua.org\/anterior\/?page_id=1237\",\"url\":\"https:\/\/serraniagua.org\/anterior\/?page_id=1237\",\"name\":\"Radda Regsnkog - Serraniagua\",\"isPartOf\":{\"@id\":\"https:\/\/serraniagua.org\/anterior\/#website\"},\"datePublished\":\"2020-10-30T20:27:59+00:00\",\"dateModified\":\"2022-02-23T21:56:49+00:00\",\"breadcrumb\":{\"@id\":\"https:\/\/serraniagua.org\/anterior\/?page_id=1237#breadcrumb\"},\"inLanguage\":\"es-CO\",\"potentialAction\":[{\"@type\":\"ReadAction\",\"target\":[\"https:\/\/serraniagua.org\/anterior\/?page_id=1237\"]}]},{\"@type\":\"BreadcrumbList\",\"@id\":\"https:\/\/serraniagua.org\/anterior\/?page_id=1237#breadcrumb\",\"itemListElement\":[{\"@type\":\"ListItem\",\"position\":1,\"name\":\"Inicio\",\"item\":\"https:\/\/serraniagua.org\/anterior\/\"},{\"@type\":\"ListItem\",\"position\":2,\"name\":\"Radda Regsnkog\"}]},{\"@type\":\"WebSite\",\"@id\":\"https:\/\/serraniagua.org\/anterior\/#website\",\"url\":\"https:\/\/serraniagua.org\/anterior\/\",\"name\":\"Serraniagua\",\"description\":\"Organizaci\u00f3n Ambiental Comunitaria\",\"publisher\":{\"@id\":\"https:\/\/serraniagua.org\/anterior\/#organization\"},\"potentialAction\":[{\"@type\":\"SearchAction\",\"target\":{\"@type\":\"EntryPoint\",\"urlTemplate\":\"https:\/\/serraniagua.org\/anterior\/?s={search_term_string}\"},\"query-input\":\"required name=search_term_string\"}],\"inLanguage\":\"es-CO\"},{\"@type\":\"Organization\",\"@id\":\"https:\/\/serraniagua.org\/anterior\/#organization\",\"name\":\"Serraniagua\",\"url\":\"https:\/\/serraniagua.org\/anterior\/\",\"logo\":{\"@type\":\"ImageObject\",\"inLanguage\":\"es-CO\",\"@id\":\"https:\/\/serraniagua.org\/anterior\/#\/schema\/logo\/image\/\",\"url\":\"https:\/\/serraniagua.org\/anterior\/wp-content\/uploads\/2021\/02\/logo_footer_color.png\",\"contentUrl\":\"https:\/\/serraniagua.org\/anterior\/wp-content\/uploads\/2021\/02\/logo_footer_color.png\",\"width\":224,\"height\":86,\"caption\":\"Serraniagua\"},\"image\":{\"@id\":\"https:\/\/serraniagua.org\/anterior\/#\/schema\/logo\/image\/\"},\"sameAs\":[\"https:\/\/www.facebook.com\/Serraniagua\",\"https:\/\/twitter.com\/Serraniagua\",\"https:\/\/www.instagram.com\/serraniagua_org\/\"]}]}<\/script>\n<!-- \/ Yoast SEO plugin. -->","yoast_head_json":{"title":"Radda Regsnkog - Serraniagua","robots":{"index":"noindex","follow":"follow","max-snippet":"max-snippet:-1","max-image-preview":"max-image-preview:large","max-video-preview":"max-video-preview:-1"},"og_locale":"es_ES","og_type":"article","og_title":"Radda Regsnkog - Serraniagua","og_description":"Radda Regsnkog &#8211; Salvemos el Bosque Tropical Save the Rainforest Suecia trabaja para proteger la selva tropical en Ecuador y Colombia en asociaci\u00f3n con socios locales. Nos concentramos en \u00e1reas","og_url":"https:\/\/serraniagua.org\/anterior\/?page_id=1237","og_site_name":"Serraniagua","article_publisher":"https:\/\/www.facebook.com\/Serraniagua","article_modified_time":"2022-02-23T21:56:49+00:00","og_image":[{"url":"https:\/\/serraniagua.org\/anterior\/wp-content\/uploads\/2020\/10\/radda_regnskog.jpg"}],"twitter_card":"summary_large_image","twitter_site":"@Serraniagua","twitter_misc":{"Tiempo estimado de lectura":"1 minuto"},"schema":{"@context":"https:\/\/schema.org","@graph":[{"@type":"WebPage","@id":"https:\/\/serraniagua.org\/anterior\/?page_id=1237","url":"https:\/\/serraniagua.org\/anterior\/?page_id=1237","name":"Radda Regsnkog - Serraniagua","isPartOf":{"@id":"https:\/\/serraniagua.org\/anterior\/#website"},"datePublished":"2020-10-30T20:27:59+00:00","dateModified":"2022-02-23T21:56:49+00:00","breadcrumb":{"@id":"https:\/\/serraniagua.org\/anterior\/?page_id=1237#breadcrumb"},"inLanguage":"es-CO","potentialAction":[{"@type":"ReadAction","target":["https:\/\/serraniagua.org\/anterior\/?page_id=1237"]}]},{"@type":"BreadcrumbList","@id":"https:\/\/serraniagua.org\/anterior\/?page_id=1237#breadcrumb","itemListElement":[{"@type":"ListItem","position":1,"name":"Inicio","item":"https:\/\/serraniagua.org\/anterior\/"},{"@type":"ListItem","position":2,"name":"Radda Regsnkog"}]},{"@type":"WebSite","@id":"https:\/\/serraniagua.org\/anterior\/#website","url":"https:\/\/serraniagua.org\/anterior\/","name":"Serraniagua","description":"Organizaci\u00f3n Ambiental Comunitaria","publisher":{"@id":"https:\/\/serraniagua.org\/anterior\/#organization"},"potentialAction":[{"@type":"SearchAction","target":{"@type":"EntryPoint","urlTemplate":"https:\/\/serraniagua.org\/anterior\/?s={search_term_string}"},"query-input":"required name=search_term_string"}],"inLanguage":"es-CO"},{"@type":"Organization","@id":"https:\/\/serraniagua.org\/anterior\/#organization","name":"Serraniagua","url":"https:\/\/serraniagua.org\/anterior\/","logo":{"@type":"ImageObject","inLanguage":"es-CO","@id":"https:\/\/serraniagua.org\/anterior\/#\/schema\/logo\/image\/","url":"https:\/\/serraniagua.org\/anterior\/wp-content\/uploads\/2021\/02\/logo_footer_color.png","contentUrl":"https:\/\/serraniagua.org\/anterior\/wp-content\/uploads\/2021\/02\/logo_footer_color.png","width":224,"height":86,"caption":"Serraniagua"},"image":{"@id":"https:\/\/serraniagua.org\/anterior\/#\/schema\/logo\/image\/"},"sameAs":["https:\/\/www.facebook.com\/Serraniagua","https:\/\/twitter.com\/Serraniagua","https:\/\/www.instagram.com\/serraniagua_org\/"]}]}},"_links":{"self":[{"href":"https:\/\/serraniagua.org\/anterior\/index.php?rest_route=\/wp\/v2\/pages\/1237"}],"collection":[{"href":"https:\/\/serraniagua.org\/anterior\/index.php?rest_route=\/wp\/v2\/pages"}],"about":[{"href":"https:\/\/serraniagua.org\/anterior\/index.php?rest_route=\/wp\/v2\/types\/page"}],"author":[{"embeddable":true,"href":"https:\/\/serraniagua.org\/anterior\/index.php?rest_route=\/wp\/v2\/users\/1"}],"replies":[{"embeddable":true,"href":"https:\/\/serraniagua.org\/anterior\/index.php?rest_route=%2Fwp%2Fv2%2Fcomments&post=1237"}],"version-history":[{"count":7,"href":"https:\/\/serraniagua.org\/anterior\/index.php?rest_route=\/wp\/v2\/pages\/1237\/revisions"}],"predecessor-version":[{"id":2101,"href":"https:\/\/serraniagua.org\/anterior\/index.php?rest_route=\/wp\/v2\/pages\/1237\/revisions\/2101"}],"wp:attachment":[{"href":"https:\/\/serraniagua.org\/anterior\/index.php?rest_route=%2Fwp%2Fv2%2Fmedia&parent=1237"}],"curies":[{"name":"wp","href":"https:\/\/api.w.org\/{rel}","templated":true}]}}

<section class="kc-elm kc-css-290223 kc_row"><div class="kc-row-container  kc-container"><div class="kc-wrap-columns"><div class="kc-elm kc-css-962032 kc_col-sm-6 kc_column kc_col-sm-6"><div class="kc-col-container"><div class="kc-elm kc-css-837766 kc_shortcode kc_single_image">

        <a rel="prettyPhoto" class="kc-pretty-photo" href="https://serraniagua.org/anterior/wp-content/uploads/2020/10/radda_regnskog.jpg" title="" target="">
        <img src="https://serraniagua.org/anterior/wp-content/uploads/2020/10/radda_regnskog.jpg" class="" alt="" />    </a>
    </div>
</div></div><div class="kc-elm kc-css-665389 kc_col-sm-6 kc_column kc_col-sm-6"><div class="kc-col-container"><div class="kc-elm kc-css-414562 kc_text_block"><h1 style="color: #5c9c3f;">Radda Regsnkog &#8211; Salvemos el Bosque Tropical</h1>
</div><div class="kc-elm kc-css-772669" style="height: 40px; clear: both; width:100%;"></div><div class="kc-elm kc-css-443091 kc_text_block"><p>Save the Rainforest Suecia trabaja para proteger la selva tropical en Ecuador y Colombia en asociación con socios locales. Nos concentramos en áreas de altísima biodiversidad dentro de la región del Chocó, uno de los hotspots de biodiversidad del mundo. Trabajamos a través de la adquisición directa de bosque ya través de acuerdos con propietarios de terrenos, creando reservas y conectando grandes áreas de bosque para salvaguardar la infraestructura verde. La mayor parte del bosque que preservamos es bosque primario que nunca ha sido talado; algunos son bosques secundarios en recuperación. Todo el bosque está sujeto a la amenaza de los madereros, la agricultura y las plantaciones.</p>
</div><div class="kc-elm kc-css-332795" style="height: 10px; clear: both; width:100%;"></div><div class="kc-elm kc-css-564287 kc_text_block"><p>También llevamos a cabo actividades para apoyar el desarrollo sostenible local y abordar las causas subyacentes de la deforestación. En cooperación con nuestros socios organizamos educación ambiental, desarrollamos prácticas agroforestales sostenibles y ecoturismo. También cooperamos con instituciones de investigación.</p>
</div><div class="kc-elm kc-css-706960" style="height: 20px; clear: both; width:100%;"></div><div class="kc-elm kc-css-342376 kc_text_block"><blockquote>
<p><span style="color: #5c9c3f;">Serraniagua hace parte de la red de organizaciones que trabajan por la conservación de los bosques amenazados en Latinoamérica con el apoyo de RR.</span></p>
</blockquote>
</div><div class="kc-elm kc-css-616389" style="height: 10px; clear: both; width:100%;"></div><div class="kc-elm kc-css-919689 kc_text_block"><p>Puede visitar el sitio web de ellos acá: <a href="https://raddaregnskog.se/">https://raddaregnskog.se/</a></p>
</div></div></div></div></div></section>

<!-- This site is optimized with the Yoast SEO plugin v20.6 - https://yoast.com/wordpress/plugins/seo/ -->
<title>Radda Regsnkog - Serraniagua</title>
<meta name="robots" content="noindex, follow, max-snippet:-1, max-image-preview:large, max-video-preview:-1" />
<meta property="og:locale" content="es_ES" />
<meta property="og:type" content="article" />
<meta property="og:title" content="Radda Regsnkog - Serraniagua" />
<meta property="og:description" content="Radda Regsnkog &#8211; Salvemos el Bosque Tropical Save the Rainforest Suecia trabaja para proteger la selva tropical en Ecuador y Colombia en asociación con socios locales. Nos concentramos en áreas" />
<meta property="og:url" content="https://serraniagua.org/anterior/?page_id=1237" />
<meta property="og:site_name" content="Serraniagua" />
<meta property="article:publisher" content="https://www.facebook.com/Serraniagua" />
<meta property="article:modified_time" content="2022-02-23T21:56:49+00:00" />
<meta property="og:image" content="https://serraniagua.org/anterior/wp-content/uploads/2020/10/radda_regnskog.jpg" />
<meta name="twitter:card" content="summary_large_image" />
<meta name="twitter:site" content="@Serraniagua" />
<meta name="twitter:label1" content="Tiempo estimado de lectura" />
	<meta name="twitter:data1" content="1 minuto" />
<script type="application/ld+json" class="yoast-schema-graph">{"@context":"https://schema.org","@graph":[{"@type":"WebPage","@id":"https://serraniagua.org/anterior/?page_id=1237","url":"https://serraniagua.org/anterior/?page_id=1237","name":"Radda Regsnkog - Serraniagua","isPartOf":{"@id":"https://serraniagua.org/anterior/#website"},"datePublished":"2020-10-30T20:27:59+00:00","dateModified":"2022-02-23T21:56:49+00:00","breadcrumb":{"@id":"https://serraniagua.org/anterior/?page_id=1237#breadcrumb"},"inLanguage":"es-CO","potentialAction":[{"@type":"ReadAction","target":["https://serraniagua.org/anterior/?page_id=1237"]}]},{"@type":"BreadcrumbList","@id":"https://serraniagua.org/anterior/?page_id=1237#breadcrumb","itemListElement":[{"@type":"ListItem","position":1,"name":"Inicio","item":"https://serraniagua.org/anterior/"},{"@type":"ListItem","position":2,"name":"Radda Regsnkog"}]},{"@type":"WebSite","@id":"https://serraniagua.org/anterior/#website","url":"https://serraniagua.org/anterior/","name":"Serraniagua","description":"Organización Ambiental Comunitaria","publisher":{"@id":"https://serraniagua.org/anterior/#organization"},"potentialAction":[{"@type":"SearchAction","target":{"@type":"EntryPoint","urlTemplate":"https://serraniagua.org/anterior/?s={search_term_string}"},"query-input":"required name=search_term_string"}],"inLanguage":"es-CO"},{"@type":"Organization","@id":"https://serraniagua.org/anterior/#organization","name":"Serraniagua","url":"https://serraniagua.org/anterior/","logo":{"@type":"ImageObject","inLanguage":"es-CO","@id":"https://serraniagua.org/anterior/#/schema/logo/image/","url":"https://serraniagua.org/anterior/wp-content/uploads/2021/02/logo_footer_color.png","contentUrl":"https://serraniagua.org/anterior/wp-content/uploads/2021/02/logo_footer_color.png","width":224,"height":86,"caption":"Serraniagua"},"image":{"@id":"https://serraniagua.org/anterior/#/schema/logo/image/"},"sameAs":["https://www.facebook.com/Serraniagua","https://twitter.com/Serraniagua","https://www.instagram.com/serraniagua_org/"]}]}</script>
<!-- / Yoast SEO plugin. -->

Radda Regsnkog &#8211; Salvemos el Bosque Tropical Save the Rainforest Suecia trabaja para proteger la selva tropical en Ecuador y Colombia en asociación con socios locales. Nos concentramos en áreas

Organización Ambiental Comunitaria
