{"id":1163,"date":"2020-10-15T21:25:59","date_gmt":"2020-10-15T21:25:59","guid":{"rendered":"https:\/\/serraniagua.org\/anterior\/?page_id=1163"},"modified":"2020-10-15T21:34:10","modified_gmt":"2020-10-15T21:34:10","slug":"nuestra-historia","status":"publish","type":"page","link":"https:\/\/serraniagua.org\/anterior\/?page_id=1163","title":{"rendered":"Nuestra historia"},"content":{"rendered":"<section class=\"kc-elm kc-css-32782 kc_row\"><div class=\"kc-row-container  kc-container\"><div class=\"kc-wrap-columns\"><div class=\"kc-elm kc-css-139725 kc_col-sm-12 kc_column kc_col-sm-12\"><div class=\"kc-col-container\"><div class=\"kc-elm kc-css-714539 kc_text_block\"><h1 style=\"color: #5c9c3f;\"><b>Nuestra historia<\/b><\/h1>\n<\/div><div class=\"kc-elm kc-css-223596\" style=\"height: 40px; clear: both; width:100%;\"><\/div><div class=\"kc-elm kc-css-109266 kc_text_block\"><p>\nLa Corporaci\u00f3n Serraniagua se conforma con l\u00edderes de las comunidades rurales y microcuencas en la Serran\u00eda de los Paraguas como un punto de confluencia en relaci\u00f3n con varias iniciativas y problem\u00e1ticas locales regionales entre las que se destacan: la din\u00e1mica generada por el proyecto Biopac\u00edfico, la ausencia de grupos organizados e interlocutores locales para las estrategias de conservaci\u00f3n e investigaci\u00f3n en la Serran\u00eda de los Paraguas, el impacto del fen\u00f3meno del ni\u00f1o en las comunidades y acueductos rurales, la din\u00e1mica de los Comit\u00e9s de Participaci\u00f3n Comunitaria. Una breve cronolog\u00eda de la organizaci\u00f3n es la siguiente:<\/p>\n<\/div><div class=\"kc-elm kc-css-95868\" style=\"height: 20px; clear: both; width:100%;\"><\/div><\/div><\/div><\/div><\/div><\/section><section class=\"kc-elm kc-css-791218 kc_row\"><div class=\"kc-row-container  kc-container\"><div class=\"kc-wrap-columns\"><div class=\"kc-elm kc-css-690083 kc_col-sm-6 kc_column kc_col-sm-6\"><div class=\"kc-col-container\"><div class=\"kc-elm kc-css-571510 kc_shortcode kc_single_image\">\n\n        <a rel=\"prettyPhoto\" class=\"kc-pretty-photo\" href=\"https:\/\/serraniagua.org\/anterior\/wp-content\/uploads\/2020\/10\/h_01-1.jpg\" title=\"\" target=\"\">\n        <img src=\"https:\/\/serraniagua.org\/anterior\/wp-content\/uploads\/2020\/10\/h_01-1.jpg\" class=\"\" alt=\"\" \/>    <\/a>\n    <\/div>\n<\/div><\/div><div class=\"kc-elm kc-css-385053 kc_col-sm-6 kc_column kc_col-sm-6\"><div class=\"kc-col-container\"><div class=\"kc-elm kc-css-422761 kc_text_block\"><h1 style=\"color: #5c9c3f;\"><strong>Primer periodo &#8211; formaci\u00f3n y dise\u00f1o<\/strong><\/h1>\n<\/div><div class=\"kc-elm kc-css-456505 kc_text_block\"><p>\n<strong style=\"color: #5c9c3f;\">1995 \u2013 1996:<\/strong>\u00a0Inicia grupo de trabajo, participaci\u00f3n Mesas de trabajo regional. Expedici\u00f3n Cient\u00edfica de la Serran\u00eda de los Paraguas \u2013 Proyecto Biopac\u00edfico \u2013 Minambiente. Se forma la organizaci\u00f3n.<\/p>\n<\/div><div class=\"kc-elm kc-css-750064\" style=\"height: 20px; clear: both; width:100%;\"><\/div><div class=\"kc-elm kc-css-909586 kc_text_block\"><p>\n<strong style=\"color: #5c9c3f;\">1996 &#8211; 1998:<\/strong>\u00a0La organizaci\u00f3n trabaja con las comunidades de las principales microcuencas en un diagn\u00f3stico preliminar, la identificaci\u00f3n de necesidades y la formulaci\u00f3n y ejecuci\u00f3n de propuestas para la protecci\u00f3n de las mismas. La organizaci\u00f3n con el apoyo de Corpocuencas crea un Vivero forestal comunitario como soporte a este trabajo.<\/p>\n<\/div><div class=\"kc-elm kc-css-443597\" style=\"height: 20px; clear: both; width:100%;\"><\/div><div class=\"kc-elm kc-css-912602 kc_text_block\"><p>\n<strong style=\"color: #5c9c3f;\">1998 &#8211; 2001: <\/strong>Planificaci\u00f3n participativa del territorio: PMAPSP, POT, PDM \u2013 I Ecoforo. Durante este periodo la organizaci\u00f3n conforma la m\u00e1s completa base de datos sobre la Serran\u00eda de los Paraguas.<\/p>\n<\/div><\/div><\/div><\/div><\/div><\/section><section class=\"kc-elm kc-css-569090 kc_row\"><div class=\"kc-row-container  kc-container\"><div class=\"kc-wrap-columns\"><div class=\"kc-elm kc-css-934212 kc_col-sm-12 kc_column kc_col-sm-12\"><div class=\"kc-col-container\"><div class=\"kc-elm kc-css-152041\" style=\"height: 40px; clear: both; width:100%;\"><\/div><\/div><\/div><\/div><\/div><\/section><section class=\"kc-elm kc-css-938209 kc_row\"><div class=\"kc-row-container  kc-container\"><div class=\"kc-wrap-columns\"><div class=\"kc-elm kc-css-585682 kc_col-sm-6 kc_column kc_col-sm-6\"><div class=\"kc-col-container\"><div class=\"kc-elm kc-css-403680 kc_text_block\"><h1 style=\"color: #5c9c3f;\"><strong>Segundo periodo \u2013 Implementaci\u00f3n en campo<\/strong><\/h1>\n<\/div><div class=\"kc-elm kc-css-705095 kc_text_block\"><p><strong style=\"color: #5c9c3f;\">2001:\u00a0<\/strong>La organizaci\u00f3n adquiere el Cerro El Ingl\u00e9s y establece la primera reserva de la sociedad civil en el coraz\u00f3n megadiverso de la Serran\u00eda de los Paraguas. Se realiza el II Ecoforo de la Serran\u00eda de los Paraguas. La organizaci\u00f3n recibe el Premio al M\u00e9rito Ambiental \u201cMariposa Morpho Emperador\u201d por su trabajo comunitario en la protecci\u00f3n de cuencas hidrogr\u00e1ficas.<\/p>\n<\/div><div class=\"kc-elm kc-css-31440\" style=\"height: 20px; clear: both; width:100%;\"><\/div><div class=\"kc-elm kc-css-282806 kc_text_block\"><p><strong style=\"color:#5c9c3f;\">2002 \u2013 2004:\u00a0<\/strong>La organizaci\u00f3n lidera la formulaci\u00f3n de la propuesta \u201cImplementaci\u00f3n Modelo de Manejo Sostenible en la Serran\u00eda de los Paraguas\u201d con la participaci\u00f3n de organizaciones ambientalistas de los municipios de la Serran\u00eda, propuesta que a la postre fue aprobada por el Fondo para la acci\u00f3n Ambiental y la ni\u00f1ez y la CVC. La organizaci\u00f3n se afilia a la Asociaci\u00f3n RED Colombiana de reservas naturales y se conforman dos grupos de Herederos del Planeta. La organizaci\u00f3n es acreditada por las Secretar\u00edas de Agricultura y Medio Ambiente del Choc\u00f3, la Secretar\u00eda de Agricultura y Pesca del Valle y el Ministerio de Agricultura como una EPSAGRO (Entidad Prestadora del servicio de Asistencia T\u00e9cnica Rural)<\/p>\n<\/div><\/div><\/div><div class=\"kc-elm kc-css-526638 kc_col-sm-6 kc_column kc_col-sm-6\"><div class=\"kc-col-container\"><div class=\"kc-elm kc-css-31974 kc_shortcode kc_single_image\">\n\n        <a rel=\"prettyPhoto\" class=\"kc-pretty-photo\" href=\"https:\/\/serraniagua.org\/anterior\/wp-content\/uploads\/2020\/10\/h_02.jpg\" title=\"\" target=\"\">\n        <img src=\"https:\/\/serraniagua.org\/anterior\/wp-content\/uploads\/2020\/10\/h_02.jpg\" class=\"\" alt=\"\" \/>    <\/a>\n    <\/div>\n<\/div><\/div><\/div><\/div><\/section><section class=\"kc-elm kc-css-721927 kc_row\"><div class=\"kc-row-container  kc-container\"><div class=\"kc-wrap-columns\"><div class=\"kc-elm kc-css-6250 kc_col-sm-12 kc_column kc_col-sm-12\"><div class=\"kc-col-container\"><div class=\"kc-elm kc-css-589177\" style=\"height: 40px; clear: both; width:100%;\"><\/div><\/div><\/div><\/div><\/div><\/section><section class=\"kc-elm kc-css-468630 kc_row\"><div class=\"kc-row-container  kc-container\"><div class=\"kc-wrap-columns\"><div class=\"kc-elm kc-css-12397 kc_col-sm-6 kc_column kc_col-sm-6\"><div class=\"kc-col-container\"><div class=\"kc-elm kc-css-668776 kc_shortcode kc_single_image\">\n\n        <a rel=\"prettyPhoto\" class=\"kc-pretty-photo\" href=\"https:\/\/serraniagua.org\/anterior\/wp-content\/uploads\/2020\/10\/h_03.jpg\" title=\"\" target=\"\">\n        <img src=\"https:\/\/serraniagua.org\/anterior\/wp-content\/uploads\/2020\/10\/h_03.jpg\" class=\"\" alt=\"\" \/>    <\/a>\n    <\/div>\n<\/div><\/div><div class=\"kc-elm kc-css-323491 kc_col-sm-6 kc_column kc_col-sm-6\"><div class=\"kc-col-container\"><div class=\"kc-elm kc-css-680825 kc_text_block\"><h1 style=\"color: #5c9c3f;\"><strong>Tercer periodo \u2013 Formulaci\u00f3n y aplicaci\u00f3n de la estrategia de conectividad<\/strong><\/h1>\n<\/div><div class=\"kc-elm kc-css-271463 kc_text_block\"><p><strong style=\"color:#5c9c3f;\">2003 \u2013 2005:<\/strong>\u00a0Se implementa la \u201cestrategia de conectividad\u201d a trav\u00e9s de Reservas Naturales e iniciativas ecoregionales ubicadas a lo largo y en puntos claves del corredor de conservaci\u00f3n Parque Nacional Natural Tatam\u00e1 \u2013 Serran\u00eda de los Paraguas. Se cuenta con el apoyo del Fondo de Alianzas para ecosistemas cr\u00edticos &#8211; CEPF, las Alcald\u00edas de los municipios de la zona, la Unidad de Parques Nacionales &#8211; PNN Tatam\u00e1. Se conforma el Nodo Tatam\u00e1 \u2013 Paraguas \u2013 III Ecoforo.<\/p>\n<\/div><div class=\"kc-elm kc-css-187123\" style=\"height: 20px; clear: both; width:100%;\"><\/div><div class=\"kc-elm kc-css-815586 kc_text_block\"><p><strong style=\"color:#5c9c3f;\">2006-2007:<\/strong>\u00a0Se avanza en la estrategia de conectividad, el apoyo a peque\u00f1as iniciativas ambientales comunitarias a trav\u00e9s de la Alianza FAA y la ni\u00f1ez y CI. Se celebran los 10 a\u00f1os de la organizaci\u00f3n con la adquisici\u00f3n e inauguraci\u00f3n de su nueva sede \u201cCasa Ambiental Comunitaria\u201d. La organizaci\u00f3n es anfitriona de la Asamblea Anual de la Asociaci\u00f3n RED Colombiana de reservas naturales de la sociedad civil. La organizaci\u00f3n apoya el mejoramiento de la oferta productiva de los productores de cacao de San Jos\u00e9 del Palmar en el marco de la Alianza FAA y la ni\u00f1ez y la Red Colombiana de organizaciones comunitarias ambientalmente amigables &#8211; Red Colombia Verde, organizaci\u00f3n de la cual es cofundadora. Se crea ASOPALMAR \u201cAsociaci\u00f3n de productores agroecol\u00f3gicos de San Jos\u00e9 del Palmar \u2013 Choc\u00f3\u201d los cuales se integran a Serraniagua.<\/p>\n<\/div><div class=\"kc-elm kc-css-898338\" style=\"height: 20px; clear: both; width:100%;\"><\/div><div class=\"kc-elm kc-css-301024 kc_text_block\"><p><strong style=\"color:#5c9c3f;\">2008:\u00a0<\/strong>La organizaci\u00f3n recibe por parte del Programa de las Naciones Unidas para el Desarrollo \u2013 PNUD, el Premio Ecuatorial 2008 por su contribuci\u00f3n a la conservaci\u00f3n de la biodiversidad y al alivio de la pobreza. Se ampl\u00eda la reserva natural Cerro El Ingl\u00e9s en 470 has en una alianza con la IUCN \u2013 NL y se consolida esta reserva como un modelo de conservaci\u00f3n comunitaria.<\/p>\n<\/div><\/div><\/div><\/div><\/div><\/section>\n","protected":false},"excerpt":{"rendered":"","protected":false},"author":1,"featured_media":0,"parent":0,"menu_order":0,"comment_status":"closed","ping_status":"closed","template":"","meta":[],"yoast_head":"<!-- This site is optimized with the Yoast SEO plugin v20.6 - https:\/\/yoast.com\/wordpress\/plugins\/seo\/ -->\n<title>Nuestra historia - Serraniagua<\/title>\n<meta name=\"robots\" content=\"noindex, follow, max-snippet:-1, max-image-preview:large, max-video-preview:-1\" \/>\n<meta property=\"og:locale\" content=\"es_ES\" \/>\n<meta property=\"og:type\" content=\"article\" \/>\n<meta property=\"og:title\" content=\"Nuestra historia - Serraniagua\" \/>\n<meta property=\"og:description\" content=\"Nuestra historia La Corporaci\u00f3n Serraniagua se conforma con l\u00edderes de las comunidades rurales y microcuencas en la Serran\u00eda de los Paraguas como un punto de confluencia en relaci\u00f3n con varias\" \/>\n<meta property=\"og:url\" content=\"https:\/\/serraniagua.org\/anterior\/?page_id=1163\" \/>\n<meta property=\"og:site_name\" content=\"Serraniagua\" \/>\n<meta property=\"article:publisher\" content=\"https:\/\/www.facebook.com\/Serraniagua\" \/>\n<meta property=\"article:modified_time\" content=\"2020-10-15T21:34:10+00:00\" \/>\n<meta property=\"og:image\" content=\"https:\/\/serraniagua.org\/anterior\/wp-content\/uploads\/2020\/10\/h_01-1.jpg\" \/>\n<meta name=\"twitter:card\" content=\"summary_large_image\" \/>\n<meta name=\"twitter:site\" content=\"@Serraniagua\" \/>\n<meta name=\"twitter:label1\" content=\"Tiempo estimado de lectura\" \/>\n\t<meta name=\"twitter:data1\" content=\"4 minutos\" \/>\n<script type=\"application\/ld+json\" class=\"yoast-schema-graph\">{\"@context\":\"https:\/\/schema.org\",\"@graph\":[{\"@type\":\"WebPage\",\"@id\":\"https:\/\/serraniagua.org\/anterior\/?page_id=1163\",\"url\":\"https:\/\/serraniagua.org\/anterior\/?page_id=1163\",\"name\":\"Nuestra historia - Serraniagua\",\"isPartOf\":{\"@id\":\"https:\/\/serraniagua.org\/anterior\/#website\"},\"datePublished\":\"2020-10-15T21:25:59+00:00\",\"dateModified\":\"2020-10-15T21:34:10+00:00\",\"breadcrumb\":{\"@id\":\"https:\/\/serraniagua.org\/anterior\/?page_id=1163#breadcrumb\"},\"inLanguage\":\"es-CO\",\"potentialAction\":[{\"@type\":\"ReadAction\",\"target\":[\"https:\/\/serraniagua.org\/anterior\/?page_id=1163\"]}]},{\"@type\":\"BreadcrumbList\",\"@id\":\"https:\/\/serraniagua.org\/anterior\/?page_id=1163#breadcrumb\",\"itemListElement\":[{\"@type\":\"ListItem\",\"position\":1,\"name\":\"Inicio\",\"item\":\"https:\/\/serraniagua.org\/anterior\/\"},{\"@type\":\"ListItem\",\"position\":2,\"name\":\"Nuestra historia\"}]},{\"@type\":\"WebSite\",\"@id\":\"https:\/\/serraniagua.org\/anterior\/#website\",\"url\":\"https:\/\/serraniagua.org\/anterior\/\",\"name\":\"Serraniagua\",\"description\":\"Organizaci\u00f3n Ambiental Comunitaria\",\"publisher\":{\"@id\":\"https:\/\/serraniagua.org\/anterior\/#organization\"},\"potentialAction\":[{\"@type\":\"SearchAction\",\"target\":{\"@type\":\"EntryPoint\",\"urlTemplate\":\"https:\/\/serraniagua.org\/anterior\/?s={search_term_string}\"},\"query-input\":\"required name=search_term_string\"}],\"inLanguage\":\"es-CO\"},{\"@type\":\"Organization\",\"@id\":\"https:\/\/serraniagua.org\/anterior\/#organization\",\"name\":\"Serraniagua\",\"url\":\"https:\/\/serraniagua.org\/anterior\/\",\"logo\":{\"@type\":\"ImageObject\",\"inLanguage\":\"es-CO\",\"@id\":\"https:\/\/serraniagua.org\/anterior\/#\/schema\/logo\/image\/\",\"url\":\"https:\/\/serraniagua.org\/anterior\/wp-content\/uploads\/2021\/02\/logo_footer_color.png\",\"contentUrl\":\"https:\/\/serraniagua.org\/anterior\/wp-content\/uploads\/2021\/02\/logo_footer_color.png\",\"width\":224,\"height\":86,\"caption\":\"Serraniagua\"},\"image\":{\"@id\":\"https:\/\/serraniagua.org\/anterior\/#\/schema\/logo\/image\/\"},\"sameAs\":[\"https:\/\/www.facebook.com\/Serraniagua\",\"https:\/\/twitter.com\/Serraniagua\",\"https:\/\/www.instagram.com\/serraniagua_org\/\"]}]}<\/script>\n<!-- \/ Yoast SEO plugin. -->","yoast_head_json":{"title":"Nuestra historia - Serraniagua","robots":{"index":"noindex","follow":"follow","max-snippet":"max-snippet:-1","max-image-preview":"max-image-preview:large","max-video-preview":"max-video-preview:-1"},"og_locale":"es_ES","og_type":"article","og_title":"Nuestra historia - Serraniagua","og_description":"Nuestra historia La Corporaci\u00f3n Serraniagua se conforma con l\u00edderes de las comunidades rurales y microcuencas en la Serran\u00eda de los Paraguas como un punto de confluencia en relaci\u00f3n con varias","og_url":"https:\/\/serraniagua.org\/anterior\/?page_id=1163","og_site_name":"Serraniagua","article_publisher":"https:\/\/www.facebook.com\/Serraniagua","article_modified_time":"2020-10-15T21:34:10+00:00","og_image":[{"url":"https:\/\/serraniagua.org\/anterior\/wp-content\/uploads\/2020\/10\/h_01-1.jpg"}],"twitter_card":"summary_large_image","twitter_site":"@Serraniagua","twitter_misc":{"Tiempo estimado de lectura":"4 minutos"},"schema":{"@context":"https:\/\/schema.org","@graph":[{"@type":"WebPage","@id":"https:\/\/serraniagua.org\/anterior\/?page_id=1163","url":"https:\/\/serraniagua.org\/anterior\/?page_id=1163","name":"Nuestra historia - Serraniagua","isPartOf":{"@id":"https:\/\/serraniagua.org\/anterior\/#website"},"datePublished":"2020-10-15T21:25:59+00:00","dateModified":"2020-10-15T21:34:10+00:00","breadcrumb":{"@id":"https:\/\/serraniagua.org\/anterior\/?page_id=1163#breadcrumb"},"inLanguage":"es-CO","potentialAction":[{"@type":"ReadAction","target":["https:\/\/serraniagua.org\/anterior\/?page_id=1163"]}]},{"@type":"BreadcrumbList","@id":"https:\/\/serraniagua.org\/anterior\/?page_id=1163#breadcrumb","itemListElement":[{"@type":"ListItem","position":1,"name":"Inicio","item":"https:\/\/serraniagua.org\/anterior\/"},{"@type":"ListItem","position":2,"name":"Nuestra historia"}]},{"@type":"WebSite","@id":"https:\/\/serraniagua.org\/anterior\/#website","url":"https:\/\/serraniagua.org\/anterior\/","name":"Serraniagua","description":"Organizaci\u00f3n Ambiental Comunitaria","publisher":{"@id":"https:\/\/serraniagua.org\/anterior\/#organization"},"potentialAction":[{"@type":"SearchAction","target":{"@type":"EntryPoint","urlTemplate":"https:\/\/serraniagua.org\/anterior\/?s={search_term_string}"},"query-input":"required name=search_term_string"}],"inLanguage":"es-CO"},{"@type":"Organization","@id":"https:\/\/serraniagua.org\/anterior\/#organization","name":"Serraniagua","url":"https:\/\/serraniagua.org\/anterior\/","logo":{"@type":"ImageObject","inLanguage":"es-CO","@id":"https:\/\/serraniagua.org\/anterior\/#\/schema\/logo\/image\/","url":"https:\/\/serraniagua.org\/anterior\/wp-content\/uploads\/2021\/02\/logo_footer_color.png","contentUrl":"https:\/\/serraniagua.org\/anterior\/wp-content\/uploads\/2021\/02\/logo_footer_color.png","width":224,"height":86,"caption":"Serraniagua"},"image":{"@id":"https:\/\/serraniagua.org\/anterior\/#\/schema\/logo\/image\/"},"sameAs":["https:\/\/www.facebook.com\/Serraniagua","https:\/\/twitter.com\/Serraniagua","https:\/\/www.instagram.com\/serraniagua_org\/"]}]}},"_links":{"self":[{"href":"https:\/\/serraniagua.org\/anterior\/index.php?rest_route=\/wp\/v2\/pages\/1163"}],"collection":[{"href":"https:\/\/serraniagua.org\/anterior\/index.php?rest_route=\/wp\/v2\/pages"}],"about":[{"href":"https:\/\/serraniagua.org\/anterior\/index.php?rest_route=\/wp\/v2\/types\/page"}],"author":[{"embeddable":true,"href":"https:\/\/serraniagua.org\/anterior\/index.php?rest_route=\/wp\/v2\/users\/1"}],"replies":[{"embeddable":true,"href":"https:\/\/serraniagua.org\/anterior\/index.php?rest_route=%2Fwp%2Fv2%2Fcomments&post=1163"}],"version-history":[{"count":7,"href":"https:\/\/serraniagua.org\/anterior\/index.php?rest_route=\/wp\/v2\/pages\/1163\/revisions"}],"predecessor-version":[{"id":1168,"href":"https:\/\/serraniagua.org\/anterior\/index.php?rest_route=\/wp\/v2\/pages\/1163\/revisions\/1168"}],"wp:attachment":[{"href":"https:\/\/serraniagua.org\/anterior\/index.php?rest_route=%2Fwp%2Fv2%2Fmedia&parent=1163"}],"curies":[{"name":"wp","href":"https:\/\/api.w.org\/{rel}","templated":true}]}}